Let g be 374/(-10) - (-6)/(-10). Let o = g + 74. What is the tens digit of o?
3
Let y(j) = 20*j**2 - 11*j - 7. What is the tens digit of y(3)?
4
Let n = -7 + 10. Suppose n*k + 3 = -36. Let d = k + 26. What is the units digit of d?
3
Let n(h) = -h**2 + 34*h - 24. Let c be n(23). Suppose 3*o - c = -2*f + 6*o, 4*f = 4*o + 468. What is the tens digit of f?
2
Suppose 84 = -3*l - l. Let p = l + 39. What is the units digit of -1 + 4 + p/3?
9
Suppose 6*a = 4894 + 1100. What is the units digit of a?
9
Let t(d) be the third derivative of -d**7/1260 + d**6/120 + 2*d**5/15 - 7*d**2. Let x(n) be the third derivative of t(n). What is the units digit of x(-6)?
0
Let u(i) = i**2 - 9*i - 3. Let d be u(13). Let h(b) = 9*b + 2. Let g be h(-4). Let n = d + g. What is the units digit of n?
5
Let i(n) = 218*n**3 + 2*n**2 - 2*n - 3. Let z = -26 + 25. Let v be i(z). Let w = -149 - v. What is the units digit of w?
8
Let b(t) = 4*t + 29. Let m = -104 - -117. What is the units digit of b(m)?
1
Suppose q = 0, -1996 = -4*u - q - q. What is the units digit of u?
9
Let y(x) be the third derivative of x**4/12 - x**3 - 18*x**2. What is the tens digit of y(9)?
1
Suppose -11*a = -1815 - 946. What is the tens digit of a?
5
Suppose -5*m + 7270 = 4*o, -5*o + 4528 + 2737 = 5*m. What is the tens digit of m?
5
Let y = -54 - -32. Let q(a) = 3*a - 7. Let x be q(-3). Let u = x - y. What is the units digit of u?
6
Suppose 3*z + m = 368, 0 = 3*z + 11*m - 6*m - 364. What is the hundreds digit of z?
1
Suppose 4*q - 2*h - 4 = 0, 2*q = -h - 3*h - 18. What is the hundreds digit of ((-822)/12 - -4)/(q/2)?
1
Let o(z) = 5*z**2 + 6*z + 1400. What is the tens digit of o(0)?
0
Suppose 2*j - 5*h - 35 + 6 = 0, -h = 5. Suppose 0 = 5*i + 2*x, 2*i + 2*x = -j*x - 16. Suppose -i*y + 25 = 3*y. What is the units digit of y?
5
Suppose 2*k + 5*s = 3*k - 12, 0 = 2*k + 3*s + 2. Let l(h) = 22*h**3 + 3*h**2 + 3*h - 7. What is the tens digit of l(k)?
8
Let o(u) = -4*u**2 - 1. Let r be o(2). Suppose 3*v + 2*v - 91 = -q, 69 = 4*v - 3*q. Let l = r + v. What is the units digit of l?
1
Let w(s) = 99*s - 83. What is the hundreds digit of w(8)?
7
Suppose -5*q + 4*z + 50 = 0, z + 48 + 2 = 5*q. Suppose i + i - q = 0. Suppose -y - 69 = -2*l - 18, 5 = -i*y. What is the tens digit of l?
2
Suppose 0 = 24*d - 28*d. Suppose z - 2*k - 131 = 0, -3*z + d*k = 4*k - 433. What is the hundreds digit of z?
1
Suppose 2*v = -3*v. Suppose v = 2*d - 6*d + 756. What is the tens digit of d?
8
Let k = 40 + 23. Let r(j) = -j + 13. Let q be r(-9). Let p = k - q. What is the units digit of p?
1
Suppose 5*w = 20, 3*t - 4*t - 15 = -5*w. Suppose t*j = 3*j + 14. What is the units digit of j?
7
Let u = -863 - -1239. What is the tens digit of u?
7
Let p = -56 - 46. Let c = p + 234. What is the hundreds digit of c?
1
Let d = -337 + 535. Suppose -2*j - 4*j = -d. Suppose -73 = -5*x - j. What is the units digit of x?
8
Let y be (11 - 1)/(76/(-80) + 1). What is the units digit of (y/6)/((-24)/(-36))?
0
What is the hundreds digit of (2844/24)/((-3)/(-28))?
1
Let f(a) = -a**2 - 17*a - 37. Let p be f(-14). Suppose p*u - 690 = -0*u. What is the hundreds digit of u?
1
Suppose 2*u + 2*o - 10 = 0, -1 = 5*u - 5*o - 6. Suppose -3*y - u*j + 51 = 0, -2*y = -4*j + 4 - 8. What is the tens digit of y?
1
Suppose 4*b = -4*k - 32, 5*b + 9 + 43 = k. Let n = 8 + b. What is the tens digit of 2/n*0 + 13?
1
Let x be (2/5)/(5 + (-370)/75). What is the units digit of ((-15)/x - -3)/(4/1432)?
9
Let c(b) = -b + 7. Let n be c(6). Let z = -3 + n. Let f = 21 + z. What is the tens digit of f?
1
What is the units digit of (-2)/(-9) - (-47124)/81?
2
Suppose -5*y + 1803 = -d - 594, y - 4*d = 468. What is the units digit of y?
0
Suppose m - 6*m + 2*d + 3467 = 0, 0 = 5*m - 4*d - 3459. What is the tens digit of m?
9
Suppose 3*v + 5*h = 0, -h - 2*h = -2*v + 19. Let c(o) = -o**3 + 10*o**2 + o + 7. What is the units digit of c(v)?
7
Suppose 4*a = -2*g + 5*a + 715, -3*a = -3*g + 1065. What is the hundreds digit of g?
3
Let d be (318/(-4))/(1/(-2)). Let t = 284 - d. What is the hundreds digit of t?
1
Let o = 15 + -5. Suppose h - o = 2*c, -4*h + 32 = h - 4*c. Suppose 2*r = 5*q + 1, 2*r + h*q - 13 = -r. What is the units digit of r?
3
Let t(d) = -4*d + 8. Let l(r) = -8*r + 17. Let o(a) = -2*l(a) + 5*t(a). What is the tens digit of o(-2)?
1
Let i be (-2*(-3 - 7))/((-1)/8). What is the units digit of 33/2*9/((-216)/i)?
0
Suppose -546 = -21*c + 18*c. What is the units digit of c?
2
Suppose -4*j - 5*f + 161 = -148, 3*f = 5*j - 414. Let d = 39 + j. Suppose 3*q + 2*q = d. What is the tens digit of q?
2
Let f = -21 + 34. What is the units digit of ((-2)/(-5))/(f/2015)?
2
Let m = 67 + -65. What is the tens digit of m/4*(129 - -5)?
6
Let t be -6*-3*(-8 + 1). Suppose 0 = f + 2. What is the tens digit of t/(-8) - f/8?
1
Suppose -4*s = -3*n - 60, s + 30 = 3*s - n. Let u(m) = -3*m**2 - 29*m - 7. Let f be u(-9). Suppose 0 = -x + s + f. What is the units digit of x?
6
Let b = 2153 + -1017. What is the units digit of b?
6
Let g(x) be the second derivative of -x**6/180 - x**5/6 + x**4/12 - 2*x. Let b(f) be the third derivative of g(f). What is the units digit of b(-18)?
2
Let u(b) be the second derivative of 0 - 5*b + 9/2*b**2 + 5/6*b**3. What is the units digit of u(6)?
9
Let n(c) = c**3 + 7*c**2 + 6*c - 3. Let p be n(-6). Let t be ((-440)/(-28))/(p/63). What is the tens digit of (-2)/(-4) - t/20?
1
Let y(a) = 2*a**2 + 18*a + 23. What is the tens digit of y(9)?
4
Suppose 0 = 5*l + 17 + 3. What is the units digit of 44/8 - 2/l?
6
Let x = 59 + -59. Suppose 2*z - 5*g - 418 = -2*z, x = -3*g + 6. What is the units digit of z?
7
Let p = -1141 + 1963. What is the units digit of p?
2
Suppose 5*x + 63 = -692. Let i = 242 + x. What is the tens digit of i?
9
Let x be ((-2)/11 - (-93)/(-33)) + 223. Suppose -3*y + 321 = -5*a, 2*y + 3*a = 13 + x. What is the units digit of y?
2
Let l(u) = u**3 - 9*u**2 - 12*u + 23. Let j be l(10). Suppose 3*h - 381 = -m - j*m, -4*m = 0. What is the hundreds digit of h?
1
Suppose -3*a - 4*b = -7812, -2*b - 536 - 2078 = -a. What is the thousands digit of a?
2
Suppose 0 = 4*i + 3*g + 39, 3*i - 3*g - 2 + 5 = 0. Let a(w) = -6*w + 22. What is the units digit of a(i)?
8
Let h = -2466 - -7008. What is the tens digit of h?
4
Suppose 0 = -38*j + 140102 - 8014. What is the hundreds digit of j?
4
Let i(a) = -48*a + 1. Let f be i(-1). Let k = f - 12. What is the units digit of k?
7
Suppose -6*z - 11 + 11 = 0. Suppose -5*s + 123 = 4*p - 69, z = 2*s - p - 69. What is the units digit of s?
6
Suppose -3*f = g + 12, -3*g - 48 = -3*f + 12. Let l be 560/72 + (-4)/g. Let t(r) = -r**3 + 7*r**2 + 9*r + 9. What is the units digit of t(l)?
7
Let y = 1224 + -180. What is the tens digit of y?
4
Let i = -638 + 935. What is the tens digit of i?
9
Suppose 3*j = 0, -f = -2*f - 4*j + 14. Let k be (-38)/f - 14/49. Let d = 23 + k. What is the tens digit of d?
2
Suppose -d = -5*d + 3*v + 2233, -4*d - 4*v + 2212 = 0. What is the tens digit of d?
5
Let t(h) = -15*h**2 + 5*h - 18. Let p be t(5). What is the units digit of p/(-4) + -4 - 2?
6
Let h(v) = v**2 - 8*v - 7. Suppose -2*r - 4*q = -18, -2*q - 36 = -5*r - 3. Let s be h(r). What is the tens digit of (-36)/s*(-14)/(-2)?
1
Suppose -3*t = -0*g + g - 235, 250 = 3*t - 2*g. Suppose 0*p = -3*b + 2*p + t, 0 = 4*b + 5*p - 145. What is the units digit of b?
0
Let g = 4 + -9. Let u(t) = 163*t + t**2 - 2 - 5*t**2 - 84*t - t**2 - 85*t - t**3. What is the units digit of u(g)?
8
Let o(z) = 2*z. Let s = -12 + 13. Let r be o(s). Suppose -2*m = r - 6, -25 = -3*b - 2*m. What is the units digit of b?
7
Let i(l) = l**2 - 6*l + 8. Let s be i(3). What is the units digit of (s*2 - 0)/(2/(-74))?
4
Let u(y) = 22*y - 1 + 5 - 4. Let m be u(-2). What is the units digit of (-25)/(-10)*m/(-10)?
1
Suppose -4*f - v = -124, -2*f = -0*v + v - 60. Suppose l = -5*a - 8 + f, 0 = 3*l - 3*a. What is the tens digit of 41 - (3 - (l - 0))?
4
Let b(v) = 8*v**2 - 4*v + 16. Let i(n) = 5. Let r(h) = b(h) - 3*i(h). Suppose 3*d = -3*k + 7 - 1, -2*k + 2 = 3*d. What is the units digit of r(d)?
1
Let s(z) = z**3 - 8*z**2 - 17*z + 31. What is the tens digit of s(12)?
0
Suppose 9 = 5*d - 31. Suppose 13*t - d = 11*t. Suppose 3*j - 1 = t*m - 10, j - 7 = -2*m. What is the units digit of m?
3
Let p(m) = 0*m**2 - 12*m + 0*m**2 - 5 